9. Calculate x(-2).
-1
Let j(d) = -d**3 + 13*d**2 - 11*d - 10. Give j(12).
2
Let l(p) = 2*p + 5. Give l(-9).
-13
Let f(p) = -p**3 + 4*p**2 + 3*p + 3. Calculate f(6).
-51
Let c(k) = 12*k + 3. Determine c(-1).
-9
Let q(j) = -j**3 + 9*j**2 + j - 10. Determine q(9).
-1
Let q(x) = -3*x**2 - 17*x - 1. What is q(-7)?
-29
Let f(n) = n**2 + 6*n + 7. Determine f(-4).
-1
Let p(i) = -i**3 + i**2 - 2*i + 4. Give p(0).
4
Let p(w) = -39*w**3 - 2*w**2 + w. Determine p(1).
-40
Let b(q) = 2*q + 2. Give b(0).
2
Let w(t) = 14*t - 284. What is w(21)?
10
Let v(d) = -33*d + 1. What is v(-1)?
34
Let t(q) = -6*q + 54. Calculate t(10).
-6
Let i(r) = -18*r**2 + r - 18. Give i(0).
-18
Let k(f) = 8*f - 10. What is k(6)?
38
Let z(a) = 2*a + 21. Calculate z(-7).
7
Let r(y) = 5*y + 113. Calculate r(-29).
-32
Let j(t) = -5*t + 62. What is j(10)?
12
Let r(n) = -5*n - 10. Determine r(-3).
5
Let f(j) = 5*j**3 + j. Determine f(-1).
-6
Let h(v) = -9*v - 4. Calculate h(-3).
23
Let i(o) = -2*o**2 - 4*o + 22. Give i(5).
-48
Let b(t) = t**3 + 4*t**2 - 5*t - 7. Calculate b(-5).
-7
Let h(s) = 20*s**2 + 32*s - 32. Determine h(1).
20
Let t(n) = n**2 - 6*n - 9. What is t(8)?
7
Let d(x) = x**2 + 3*x + 6. Calculate d(-5).
16
Let y(q) = -2*q + 5. Give y(-11).
27
Let k(f) = 4*f**2 + 10*f - 73. Give k(-6).
11
Let u(k) = -k**2 - 4*k + 3. Determine u(-4).
3
Let h(d) = d**2 + 6*d + 11. What is h(-2)?
3
Let j(i) = -i**3 - 2*i**2 + 4*i - 2. What is j(-4)?
14
Let m(k) = -3*k + 18. What is m(7)?
-3
Let v(l) = -l + 2. Determine v(5).
-3
Let z(k) = -k**3 + 16*k**2 - k + 8. What is z(16)?
-8
Let i(r) = r**3 - 8*r**2 - 10*r + 1. Determine i(9).
-8
Let r(t) = 10*t - 13. Calculate r(0).
-13
Let n(c) = 11*c**2 + 121*c + 5. What is n(-11)?
5
Let k(f) = -124*f + 509. Calculate k(4).
13
Let n(i) = -i**3 + 13*i**2 - 10*i - 29. Calculate n(12).
-5
Let h(n) = 2*n**2 - 24*n + 25. Determine h(11).
3
Let x(u) = 2*u**2 - 20*u + 5. Calculate x(11).
27
Let s(d) = 2*d**2 + 22*d - 34. Determine s(-15).
86
Let h(w) = 2*w - 22. Calculate h(13).
4
Let t(c) = -5*c**2 + 11*c + 10. Calculate t(7).
-158
Let q(d) = -2*d + 1. Calculate q(3).
-5
Let g(d) = -3*d + 52. Give g(15).
7
Let s(w) = -w**3 + 47*w**2 - 44*w - 87. Determine s(46).
5
Let r(z) = z**2 - 16*z + 12. Determine r(8).
-52
Let j(p) = p**2 - 31*p + 50. Give j(29).
-8
Let r(z) = -z**2 - 12*z - 6. Determine r(-12).
-6
Let m(v) = -v + 68. Give m(23).
45
Let h(x) = 2*x**2 - 8*x - 12. Determine h(5).
-2
Let o(y) = y**3 - 19*y**2 - 21*y + 13. Calculate o(20).
-7
Let v(m) = -m**2 + m + 1. Calculate v(4).
-11
Let k(c) = -c**2 + 52*c - 321. Determine k(45).
-6
Let v(o) = 3*o + 4. What is v(3)?
13
Let d(q) = -3*q + 22. Calculate d(10).
-8
Let t(q) = -10*q - 11. Calculate t(0).
-11
Let a(q) = q**2 - 8*q + 18. Give a(7).
11
Let q(l) = -66*l**2 + 792*l + 5. Determine q(12).
5
Let j(y) = 2*y**2 + 4*y + 5. Give j(-2).
5
Let b(t) = -t**2 + 11*t - 14. What is b(9)?
4
Let z(i) = -37*i**2 - 1. Give z(1).
-38
Let i(m) = m**2 + 8*m - 6. Determine i(-10).
14
Let o(c) = -c**2 + 6*c - 2. What is o(4)?
6
Let u(q) = -q**2 - 10*q - 20. Calculate u(-9).
-11
Let t(h) = h**2 - 51*h + 423. What is t(10)?
13
Let m(w) = 10*w + 41. Give m(-5).
-9
Let p(x) = -2*x - 79. Determine p(-15).
-49
Let r(q) = q**3 + 6*q**2 + 6*q - 3. Give r(-4).
5
Let b(n) = n**3 - 2*n**2 + 3*n - 5. Calculate b(2).
1
Let z(j) = -j**3 - 2*j**2 - 8*j - 5. Calculate z(-4).
59
Let c(x) = 4*x - 40. Determine c(11).
4
Let y(m) = 3*m + 1. Determine y(1).
4
Let q(s) = -s**3 + 12*s**2 - 33*s + 3. Determine q(8).
-5
Let p(w) = 23*w + 715. Calculate p(-31).
2
Let t(m) = 23*m**3 - m**2 + m. Calculate t(1).
23
Let i(f) = -5*f**3 + 4*f**2 - 8*f + 7. Determine i(2).
-33
Let t(f) = 3*f**2 - 30*f + 59. Calculate t(8).
11
Let j(b) = -18*b - 2. Determine j(1).
-20
Let f(v) = v**3 - 17*v**2 + 2*v + 13. What is f(17)?
47
Let z(j) = j**3 - 4*j**2 - 78*j + 19. Calculate z(11).
8
Let m(p) = p**2 + 16*p + 65. Determine m(-6).
5
Let l(u) = u**3 - 6*u**2 + u - 3. Give l(6).
3
Let r(n) = n**2 + 11*n + 13. Determine r(-16).
93
Let a(y) = y**3 - 16*y**2 - 18*y + 7. Calculate a(17).
-10
Let t(x) = -x**2 + 23*x - 81. Give t(18).
9
Let j(y) = y**2 - 13*y + 9. Determine j(13).
9
Let q(x) = -x**2 + 14*x + 6. Calculate q(10).
46
Let q(h) = -3*h**2 - 8*h - 25. Give q(-3).
-28
Let z(q) = -q**3 + 81*q**2 + 84*q - 158. Give z(82).
6
Let v(h) = 3*h - 18. Calculate v(7).
3
Let g(y) = -3*y - 60. Calculate g(-25).
15
Let i(d) = d**2 + 14*d + 16. Determine i(-14).
16
Let d(u) = -76*u - 758. Calculate d(-10).
2
Let s(v) = v**3 + 15*v**2 + 21*v + 88. Determine s(-14).
-10
Let q(p) = -22*p**2 + 330*p - 5. Give q(15).
-5
Let k(a) = 8*a + 17. Determine k(-20).
-143
Let g(c) = 20*c + 306. What is g(-15)?
6
Let d(a) = a**2 + 3*a + 5. Determine d(-2).
3
Let b(i) = 2*i**3 - i**2 - i - 5. Calculate b(0).
-5
Let w(t) = t**3 - 13*t**2 + 46*t - 15. Calculate w(5).
15
Let x(r) = 3*r**3 + 1. What is x(1)?
4
Let p(c) = 11*c - 4. Determine p(-7).
-81
Let x(j) = 2*j**2 + 49*j + 43. Give x(-24).
19
Let u(o) = -19*o**3 - 4*o**2 - 1. Give u(-2).
135
Let z(t) = 2*t**3 - 28*t**2 + 2*t - 13. Calculate z(14).
15
Let z(o) = -2*o**2 + 6*o - 5. Determine z(3).
-5
Let q(h) = -8*h**2 + 99*h - 38. Give q(12).
-2
Let w(n) = -n**3 + 16*n**2 - n - 7. Calculate w(16).
-23
Let a(w) = 2*w**3 + 27*w**2 - 18*w - 61. What is a(-14)?
-5
Let x(g) = g**2 - 19*g + 53. What is x(15)?
-7
Let b(d) = -25*d + 390. Determine b(16).
-10
Let a(t) = -t - 11. What is a(4)?
-15
Let v(p) = 4*p + 31. Determine v(-7).
3
Let d(y) = y**2 - 12*y + 18. Determine d(12).
18
Let l(a) = 6*a + 12. Give l(5).
42
Let n(t) = -10*t + 35. Calculate n(10).
-65
Let w(y) = -88*y + 204. Determine w(2).
28
Let r(a) = 3*a**2 + 15*a - 14. What is r(-7)?
28
Let d(v) = 3*v**2 + 153*v + 151. Determine d(-50).
1
Let y(n) = n**2 + 20*n + 100. Give y(-10).
0
Let c(g) = -g**2 + 2*g + 37. Give c(7).
2
Let l(f) = f**2 + 11. Determine l(0).
11
Let m(o) = 3*o + 37. Determine m(-23).
-32
Let r(f) = -26*f + 215. What is r(8)?
7
Let c(q) = q**3 + 29*q**2 + 27*q - 39. Calculate c(-28).
-11
Let p(b) = b**3 - 8*b**2 - 3*b + 54. Determine p(8).
30
Let k(b) = b**2 + 8*b + 10. Give k(-7).
3
Let v(t) = -t**3 + t**2 + t - 5. Determine v(0).
-5
Let x(t) = -3*t**2 + 67*t - 14. Give x(22).
8
Let c(d) = d**3 - 24*d**2 + 2*d - 52. Calculate c(24).
-4
Let c(b) = -49*b**3. Calculate c(-1).
49
Let n(d) = -d**3 - 6*d**2 + 11*d - 9. Calculate n(-8).
31
Let x(m) = -m**3 + 11*m**2 - 10*m - 7. Give x(10).
-7
Let g(c) = -8*c - 16. Calculate g(10).
-96
Let v(j) = -j + 4. What is v(6)?
-2
Let g(y) = -2*y**2 + 2*y + 61. Give g(0).
61
Let c(j) = j**3 + 7*j**2 - 21*j - 12. What is c(-9)?
15
Let a(k) = k + 2. Determine a(8).
10
Let b(f) = 2*f**2 - 10*f + 6. Give b(4).
-2
Let f(m) = 4*m - 25. Give f(7).
3
Let m(y) = y**3 - 7*y**2 + 4*y + 7. Determine m(6).
-5
Let g(q) = q**2 + 15*q - 2. Calculate g(-8).
-58
Let w(c) = c - 13. Determine w(0).
-13
Let i(h) = -h**3 + 7*h**2 + 2*h - 7. What is i(7)?
7
Let x(a) = 3*a**2 - 3*a - 7. What is x(-5)?
83
Let p(q) = 11*q**3 - 2*q**2 + 1. Determine p(-1).
-12
Let s(f) = -f**3 - 3*f**2 + 3*f + 8. Calculate s(-3).
-1
Let t(h) = -h**2 + 8*h + 6. Determine t(6).
18
Let b(a) = 7*a + 141. What is b(-19)?
8
Let p(o) = -3*o - 53. Determine p(-18).
1
Let d(m) = -21*m - 210. Determine d(-9).
-21
Let n(k) = k**2 - 8*k + 15. What is n(7)?
8
Let k(f) = -f**3 - 8*f**2 - 3*f - 9. What is k(-8)?
15
Let r(b) = b**3 + 8*b**2 - 4*b - 36. Calculate r(-8).
-4
Let d(t) = t**3 + 2*t**2 + 2*t + 3. Calculate d(-2).
-1
Let s(o) = -o**3 + 11*o**2 - 9*o - 11. Determine s(10).
-1
Let q(g) = g**3 + 3*g**2 - 3*g + 10. Calculate q(-4).
6
Let s(t) = 2*t**2 + 10*t - 2. What is s(-8)?
46
Let i(s) = -s**3 - 18*s**2 + 113*s - 52. Give i(-23).
-6
Let l(n) = -5*n - 38. What is l(-9)?
7
Let i(b) = 3*b - 17. Calculate i(4).
-5
Let j(i) = i**3 + 7*i**2 + i + 10. Determine j(-7).
3
Let f(v) = -v**3 + 14*v**2 + 17*v + 5. Calculate f(15).
35
Let d(w) = w + 34. Determine d(-13).
21
Let u(r) = r**3 - 5*r**2. Determine u(5).
0
Let u(r) = -r**2 + 7*r + 11. Calculate u(-4).
-33
Let s(w) = w**2 - 12*w - 12. Give s(13).
1
Let j(o) = 7*o**2 - 3*o - 3. Calculate j(-2).
31
Let h(s) = 81*s**3 - s. Give h(-1).
-80
Let p(l) = l**3 - 4*l**2 - 2*l + 1. Give p(-2).
-19
Let s(k) = -8*k**3 - k**2 + 3*k - 2. Det